 -1?
-10
Calculate -49 + (101 - 45) + 20.
27
(-45 - (0 + 2)) + 12 + 1
-34
What is -388 + 457 + (-19 - -2)?
52
Evaluate -10 + -33 - (-2 + -2 + 7 - -10).
-56
-23 + (-90 + 77 - (4 + -71))
31
What is 12 - (-4 - (9 - (-8 + (21 - -3))))?
9
Calculate 65 - 1 - ((18 + -39 - -62) + -45).
68
Calculate (879 - 952) + (7 - 2 - 25).
-93
Evaluate -159 + 142 - 171 - -141.
-47
What is -51 + (58 - (30 + -3))?
-20
-110 + 2 - (-1186 - -1101)
-23
Evaluate 94 + (6 - 149) - -51.
2
What is -39 - ((7 - -20) + 1 - 130)?
63
Evaluate (-22 - -126) + -120 + 62.
46
-100 - (-251 + 140) - 118
-107
What is the value of 14 + (-41 - (-5 + -10)) + -19?
-31
What is -110 + -126 - -246 - ((0 - -40) + 0)?
-30
What is 80 + 0 + 3938 + -4025?
-7
Calculate (-16 + 8 - (3 + 3 + -11) - -3) + 4.
4
Evaluate -15 - (27 - (2 + -2 + -32)).
-74
What is the value of 21 + 48 + -37 + -4 - (-2 - 1)?
31
Calculate 11 + -27 + 3 + -19 + (-32 - (-9 + 6)).
-61
What is -3 - ((10 + -25 - (-19 - -7)) + -5 + 0)?
5
(4 - 7) + (-8 - (-11 + -11 + 7 + 2))
2
What is (58 - (5 - 0 - ((-5 - 4) + 11))) + -1?
54
What is -7 + (-18 - -48 - 47)?
-24
Evaluate (-9 - -7) + 0 - ((-66 - 11) + 111).
-36
Evaluate -120 + 36 - (-219 + 135).
0
What is 44 - (106 - (31 - 24))?
-55
What is the value of (63 - -22 - -6) + -54?
37
Evaluate (247 - 249) + (-34 - (3 + 0)) - 0.
-39
What is the value of 15 + (-11 - ((11 - 0) + -28 + 13))?
8
What is 279 + -298 + (1 + 37 - 2) + -44?
-27
(-1497 - -1482) + (-2 - -37)
20
Evaluate -3 + 14 - (-183 + 22 - -85).
87
Evaluate 0 - 5 - (48 + -41 + -25).
13
Calculate 104 + 1 - (825 + -739).
19
-55 + (-29 - -88) + (45 - -2)
51
What is (56 - 0 - ((27 - 71) + 41)) + 15?
74
What is -68 - (-6 - 9 - (-3 + 2 + -3 + -2))?
-59
Calculate (-41 - (7 + -21)) + 31 - (2 + -51 + -2).
55
-145 + 119 + (48 - -9 - -6)
37
Calculate 0 + 1 + 61 + 67 + -36 + -8 + -28.
57
What is -7 + (71 - 37 - 41) + -94?
-108
-70 - (-65 - -63) - -62
-6
What is -6 + (-17 - -87 - 5) + 11 + 9?
79
What is the value of 121 + (1142 - 1112) + (1 - 63)?
89
Calculate -5 + -35 - (86 - 96).
-30
Calculate (9 - (0 + 1)) + -33 + 112 + -85 - -63.
65
What is -4 + -21 + (-6 - (5 - 5)) + -2 + -7?
-40
20 + -23 + 55 + -29
23
What is the value of (23 - 45 - (17 + -13)) + -7?
-33
Calculate (-17 - -10) + (12 - -2) + -117 + 172.
62
What is 115 + -169 + (-37 - -82)?
-9
What is 1 - (-2 + (1 - -2)) - (45 + (3 - 2))?
-46
Evaluate -11 - -12 - (-18 + -16 - -108).
-73
Calculate -12 + 40 + -15 - (5 + -29).
37
Evaluate 36 - -21 - -8 - 5.
60
Evaluate -1 + 10 + (-32 - (-13 - (-12 + -20))).
-42
What is 135 - -14 - (45 + -15)?
119
78 + (-44 - 59) + -56
-81
What is the value of 4 - (-2 - 8) - (5 + -28 + 75)?
-38
Evaluate -7 - (774 - 772 - (-1 + -16)).
-26
What is the value of (2 - 11) + 38 + (-6 - (-6 + 14))?
15
Evaluate (-3 - 26) + 82 + -30.
23
11 + 7 - 10 - -23 - 34
-3
What is (19 - 36) + (45 - 29) + -70?
-71
What is the value of 7 + -3 + 6 + -7 - (25 + -37)?
15
What is -3 + 0 + (9 - 17) - (-10 - (-99 + 30))?
-70
What is the value of 7 - (7 + -1 - (-10 - (-22 + 28 + -18)))?
3
What is -34 + (23 - (-10 + 20)) - (-6 - (-7 - -4))?
-18
(2 + -1 - (20 + -8)) + (41 + 3 - 11)
22
Evaluate 0 - ((-2 - 0) + 879 + -870) - -9.
2
What is the value of -36 + -40 + (109 - 47)?
-14
What is the value of 449 - 416 - (47 + 1)?
-15
What is the value of 34 - (3 + -11 + 18 + (-4 - 9))?
37
Calculate 35 + (-101 + 115 - 111).
-62
-360 + 314 - (-94 - -1)
47
Calculate (12 - 0) + 142 + -144 - 22.
-12
Evaluate (-3 + 1 - 7) + (-13 - (-19 - -16) - -5).
-14
What is the value of 15 + (64 - (-9 + 20))?
68
Calculate -15 - (153 + -234 - -169).
-103
What is the value of (31 + -29 - -55) + -47?
10
Evaluate 10 - -77 - ((24 - 19 - -9) + (2 - 10)).
81
66 + -144 + 36 + -50
-92
What is -2 + (-13 - -16 - 61) + 2 + -12 + 11?
-59
(0 - -2 - 52) + -19
-69
Calculate 4 + (0 - 2) - -65 - (12523 - 12512).
56
What is the value of 27 + -8 - (53 + 8 + -20)?
-22
What is the value of 0 + -13 - (-17 + 44 + -27)?
-13
What is 18 - ((-3 - 14) + 94 - 3 - 23)?
-33
Calculate -27 - 2 - (138 + -118 + -92).
43
What is 22 + -36 - ((-6 - 3) + -15)?
10
(51 + -60 - -32) + -78
-55
What is the value of -22 - (16 - (-23 + 46) - -11)?
-26
Calculate (-11 - (-17 + (10 - -1))) + 44.
39
Evaluate 82 + 1 + -5 + -5 + (-20 - (-20 - 9)).
82
What is the value of (-2 + (-38 - -58) - (15 - 1)) + -48?
-44
Evaluate -30 - -28 - (35 + 8 + -6 + 0 + 5).
-44
What is -7 + 5 + (1 - 1) - ((-5 - 11) + -26)?
40
What is (59 + -33 - (52 + 19)) + -7?
-52
Evaluate -17 - ((-22 - 1) + (123 - 148)).
31
Calculate 68 + -199 - -57 - -38.
-36
What is -4 - ((-71 - -53) + -6)?
20
Evaluate 1 - (17 - -3) - ((2 - -3 - 12) + -1).
-11
Evaluate -2 + 28 + (181 - 218) + (-9 - 0).
-20
Evaluate (128 + 97 - 29) + -88.
108
What is 73 - ((13 - -1) + (25 - 20) + 0)?
54
What is -12 + 7 + 18 - (8 - (4 - 9))?
0
What is (-17 + 0 - (-30 + 37)) + 25?
1
Evaluate -27 + (64 - -27 - 12) - 14.
38
What is 12 - ((43 - 36) + (15 - 20))?
10
What is -15 + (-19 - (-36 - 18))?
20
Evaluate 7 + (-19 - 1) + (-410 - -570) - -1.
148
Evaluate (56 - -24) + -42 - 12.
26
Calculate 3 + 10 + 0 + -18 + (7 - -12) + -91.
-77
What is the value of 16 - -6 - (-69 + 89)?
2
Calculate -11 + -1026 + 980 + (-2 - 70).
-129
Evaluate (-2 + -44 - (12 + -28)) + 1 + 5.
-24
Evaluate (5 - -11) + -22 - -14 - -39.
47
Evaluate (2 - -3) + -22 + -55 + -21 + 1 + -12.
-104
What is (-7 + (4 - 8) - -3) + (-437 - -417)?
-28
8 + (-111 + 39 - 4) + 4 + -3 + 0
-67
What is the value of (28 - (13 - -25)) + (18 - 10 - -100)?
98
Calculate -13 + (-51 - 4) + 3.
-65
15 + (-31 - -11) + 4 + -20 - -117
96
-35 + 37 + 28 - (-3 - 0)
33
Calculate (-7 + -5 - (-6 + -6)) + -2.
-2
What is 14 - ((29 - -33) + -18)?
-30
Calculate -29 - (1 + (22 - (31 + -4))).
-25
-30 - 1 - (15 + -10) - (3 + -1)
-38
What is (1431 - 1325) + (-53 - -1)?
54
What is the value of (-3 - 14) + 5 - (-5 - (-17 + 10))?
-14
What is the value of -3 - ((3 - (17 + -7 - 47)) + 7)?
-50
What is the value of -83 - 1 - (329 + -351)?
-62
Evaluate -46 + (-68 + 2 - -52).
-60
What is (-15 + 28 - (-4 + -4) - 9) + -59?
-47
71 + (36 + (-21 - -37) - 27)
96
(-3 - (-4 - 18)) + (42 - 62 - -23)
22
What is the value of (8 - (2 - 0) - 59) + 36 + -29 + -16?
-62
Evaluate (11 - (150 + 13)) + (-266 - -295).
-123
(3 - (-50 + 12 + 37)) + (2 - (-32 + 2))
36
Evaluate (-21 - (-26 - 30)) + -14.
21
Evaluate -112 + (-135 - -291) + (22 - (2 + 0)).
64
9 + (0 - -31) - (30 - 32 - (3 + 1))
46
What is (629 - 702) + (-17 - -155)?
65
-49 + -25 + 107 + -21
12
What is the value of (450 - 449) + (-3 - 0 - -6) + -39 - 10?
-45
Calculate -22 + -9 - (-3 - -14 - (36 - 25)).
-31
What is the value of ((4 + -13 - -6) + 11 + -19 - -84) + 15?
88
-6 + (85 - ((-2 - 15 - (62 + -59)) + 11))
88
What is (1 - -9) + -102 + 130?
38
Evaluate -30 + -54 + 101 - 42.
-25
What is the value of -1 + -1 + -51 - (-155 - (22 + -166))?
-42
What is the value of (-17 - (7 - (-1 - -33))) + 2 - 43?
-33
What is the value of -20 - (-54 + 16 + -12) - 93?
-63
Calculate (-7 - (18 + -24 - 20)) + 7 + 2.
28
Calculate -13 + 1 + (-40 + 17 - -1).
-34
Evaluate 4 + (-4 - (-4 - 1 - -1)) + (-493 - -573).
84
-81 + (4 - (-132 + 155 - (2 + -2)))
-100
Calculate (-1 - 11) + 120 - (-2 + (1 + -3 - -13)).
99
What is the value of (7 - 1 - (24 - 24) - 1) + -48 + 8?
-35
What is -94 + 0 + (17 - 9) + -6 + 13?
-79
-10 + (-24 - -13) + (-4 - -14) + -13
-24
What is -11 + -1 + (-3184 - -3287)?
91
What is the value of -123 + 35 - -98 - (8 + 1)?
1
What is the value of -7 + (-10 - (-15 + 14 - 33))?
17
((-13 - -3) + 1 - 4 - (-160 - -153)) + -64
-70
(-563 - -597) + (-1 - 65)
-32
107 + (-2 - 88) + -44
-27
What is -12476 - -12539 - (98 + 1)?
-36
What is the value of -45 + 46 + -3 - -25?
23
Evaluate (13 - 70) + 0 - (14 + -28).
-43
What is the value of -4 + 58 - (-93 + -12 - -75)?
84
Calculate -12 + (-9 - -14) - (27 - 41).
7
Calculate 20 + -41 + 13 - -50.
42
Calculate -28 + 4 + 5 + 7 + 9 + 1.
-2
What is 47 - (8 - (5 - 5 - (-16 - -14 - 14)))?
55
What is -99 + (-28 - (-42 + -34))?
-51
Calculate (-15 - -29) + -2 - -20.
32
Evaluate 26 + (31 - 30) + 59 + -38.
48
(7 - 5 - -43) + (5 - 0 - (-13 + 21))
42
Evaluate 46 - (8 + (7 - ((2 - 8) + 16)) + -1).
42
Calculate -78 + (30 - (-7 - 4)) + 8.
-29
Calculate 1 + (-14 - -3) + 6 + (155 - 199).
-48
Evaluate 15 + (-9 + 14 + 1 - -6) + -14.
13
What is the value of (-8 - (-2 + -4 + 42)) + -14 + (24 - 15)?
